 0*m + 6. Calculate the remainder when 60 is divided by l(m).
6
Let f(p) = -158*p - 4893. Let h(a) = a**2 - a + 38. What is the remainder when h(0) is divided by f(-31)?
3
Let d be (2/7)/((-2)/(-14)). Suppose -16*u + 3825 = -7*u. Suppose u = d*x + 3*x. What is the remainder when x is divided by 29?
27
Suppose 4*q + n - 727 = 0, 3*q + 4*n = 4*q - 169. Suppose g + 2*j = 6, 190*j = 193*j + 12. What is the remainder when q is divided by g?
13
Let s = 23 + -20. Suppose 0 = s*i - 5*i - 4*q + 14, 5*q + 32 = 2*i. Suppose 3*a - y - 34 = -5*y, -5*y = 2*a - i. Calculate the remainder when a is divided by 4.
2
Let k = -17737 + 17984. Calculate the remainder when k is divided by 169.
78
Let u(o) be the second derivative of o**3/6 + 173*o**2/2 + 59*o. Calculate the remainder when u(53) is divided by 57.
55
Let t(p) = -3*p**3 + 47*p**2 - 30*p + 34. Calculate the remainder when t(15) is divided by 7.
6
Let x(h) = -15*h - 1. Let b be x(-1). Suppose -t = -3*v - 39, -v - v = t - b. Let p = 19 - -26. What is the remainder when p is divided by t?
21
Suppose -5 = 5*g, -2*m + 7*m - 2*g = 817. Suppose 5*a - m = 172. Let w = a - 50. What is the remainder when 49 is divided by w?
15
Let g(a) = 2*a**2 - 24*a - 163. Let m be g(-8). Suppose -612 = -160*l + m*l. Calculate the remainder when l is divided by 43.
32
Let m be 39 + 6*8/(-12). Suppose -y = -0*y - m. Suppose -y*f = -28*f - 315. Calculate the remainder when f is divided by 8.
5
Let y = -3493 - -3639. What is the remainder when y is divided by 45?
11
Suppose v + 5*c - 16 = 4, 0 = 3*c. Let z = -43439 - -43527. What is the remainder when z is divided by v?
8
Calculate the remainder when 183 is divided by 7360/75 + (256/(-120) - -2).
85
Suppose 3*k = 3*y - 270, -5*y = 5*k + 36 + 434. Let w = k + 122. Calculate the remainder when w is divided by 11.
8
Let t(x) = -2*x**3 + 9*x**2 + 8*x + 11. Let d be t(5). Suppose 540 = 31*n - d*n. What is the remainder when n is divided by 11?
9
Suppose 5*q = -0*q + c + 25, c = 3*q - 13. Let g(u) = -65*u**3 + 44*u**3 + 2*u**2 - 2*u + 37*u**3. Calculate the remainder when g(1) is divided by q.
4
Let f = 31369 - 29966. What is the remainder when f is divided by 465?
8
What is the remainder when (-61404)/(-85) - (-8)/((-200)/(-15)) is divided by 52?
47
Suppose 9391 + 5281 = -28*s. Let w = s - -592. Calculate the remainder when 224 is divided by w.
20
What is the remainder when ((-4)/(-5))/(7/77140) is divided by 45?
41
Let k(z) = 56*z + 1. Calculate the remainder when k(2) is divided by 2/4 + (7714/196 - 6/7).
35
Let m(k) = 8*k - 3. Let n be m(7). Let s = 92 - n. Suppose -2*q + 7*d + 22 = 9*d, -3*q - 5*d + 35 = 0. Calculate the remainder when s is divided by q.
9
Let m = 446 - 298. What is the remainder when m is divided by -3*(-165)/(-297)*-15?
23
What is the remainder when 317 is divided by (-37)/((-3367)/(-14))*-351?
47
Suppose 11*t = 16*t, 0 = 3*k + 5*t - 12144. Suppose -100*i = -92*i - k. What is the remainder when i is divided by 39?
38
Let o(b) = -25*b - 10. What is the remainder when 4999 is divided by o(-2)?
39
What is the remainder when (-5)/4 + 13/364*2807 is divided by 5?
4
Let v(r) = 9*r - 112. Let z be v(0). Let o = z + 120. Calculate the remainder when 47 is divided by o.
7
Let z = 1566 + -1530. What is the remainder when z is divided by 6?
0
Let l(g) = 2*g**2 - 3*g + 1. Suppose 0 = -z - 0*z + 2. Let u be l(z). Suppose -4*q = -u - 25. What is the remainder when 104 is divided by q?
6
Suppose z = 10, b + 5*z - 45 - 9 = 13. Let v(g) = 79*g**2 + 1. What is the remainder when v(-1) is divided by b?
12
Calculate the remainder when 0 + ((-1402)/(-5) - 14/35) is divided by 75.
55
Let t = 699 + -699. Suppose t*f + 29 = 2*f + q, f - q = 22. What is the remainder when 63 is divided by f?
12
Suppose h - 2 = j - 11, 3*j + 5*h = -5. Suppose -j*a = 147 - 512. What is the remainder when a is divided by 25?
23
Let l be ((-2412)/(-8) - 3)*2 - -4. Let i = 677 - l. What is the remainder when i is divided by 20?
16
Let h = -1497 + 1504. Suppose o + 4*b - 80 = 0, 3*o = 2*b + 2*b + 224. Suppose 3*t = o - 22. What is the remainder when t is divided by h?
4
Suppose 28037 = 10*b + 7*b + 36*b. What is the remainder when b is divided by 42?
25
Let h = 6227 + -5950. Calculate the remainder when h is divided by 6.
1
Let m(c) = -32*c - 75. Let b be 4/(-6)*(9 - (1 + -1)). Suppose -5*i + 5*g = -0*i - 80, 0 = 4*i + 2*g - 58. Calculate the remainder when m(b) is divided by i.
12
Let w = -368 + 1065. Suppose 162 = -4*b + 5*c + w, 3*b - 3*c = 399. What is the remainder when b is divided by 12?
10
Suppose 3*q - 17241 + 894 = 5*x, 3*x + 16359 = 3*q. Calculate the remainder when q is divided by 28.
27
Calculate the remainder when 4932 is divided by (14980/(-15))/(-7) - 190/114.
138
Suppose 17*k - 1344 = 3739. Calculate the remainder when k is divided by 2/(-14) + 6732/84.
59
What is the remainder when 149 is divided by (-3268)/(-532) + 6/7 - -63?
9
What is the remainder when (-124008)/(-88) - (-32)/(-176) is divided by 468?
5
Let x(v) = 5*v + 54. Let z be x(-10). Suppose i - 103 = 2*c - 36, 8 = -z*c. Calculate the remainder when i is divided by 16.
15
Let i(h) = -3*h - 97. Calculate the remainder when 695 is divided by i(-40).
5
Let n be (-28)/3*17/((-238)/1332). Suppose -52 = -4*b + 4. Calculate the remainder when n/34 - 20/170 is divided by b.
12
Suppose 4*i - 11*i + 14 = 0. Suppose t - 43 = r, 80 = i*t - 4*r + 8*r. Calculate the remainder when 115 is divided by t.
31
Let c = 144 + 8. Suppose 0*b + 2*b = c. Calculate the remainder when b is divided by (4 - (-322)/49) + (-9)/(-21).
10
Let s(r) = 37*r**3 - 77*r**2 + 80*r - 3. Calculate the remainder when 84 is divided by s(1).
10
Let c = 5289 - 5096. Calculate the remainder when c is divided by 28.
25
What is the remainder when 473 is divided by (-56)/(-42)*9/2*1?
5
Let n be (-2)/(1 + 27/(-30)). Let j = -25 - n. Calculate the remainder when (1 + (-7)/j)*1950/60 is divided by 9.
6
Let l = -654 + 659. Suppose t = 3*p + 16, 3*t - p + 3*p = 4. Suppose -15 = -l*m, -66 = -3*z - m + t*m. What is the remainder when 122 is divided by z?
22
Let v(q) = 113*q**2 + 5*q + 12. What is the remainder when v(-2) is divided by 37?
10
Suppose -3438 - 137 = -25*n. Let d = n + 15. What is the remainder when d is divided by 10?
8
Suppose 0 = -3*j - 0*j, -5*g + j + 705 = 0. Let y(k) = 2*k - 44. Let x be y(22). Calculate the remainder when g is divided by (x/(-4) - 72)*(-4)/8.
33
Suppose -12*b + 84 = -6*b. Calculate the remainder when 2/(-11) - 1592/(-44) is divided by ((-87)/b - (-2)/(-7))*-2.
10
Suppose o + 110 = 3*j, 3*j = -3*o + 6*j - 342. Let d = o + 131. Let w(h) = h**2 + h - 3. Calculate the remainder when w(5) is divided by d.
12
Let p be 2/11 + 2120/440. Suppose -p*r = -0*q - 5*q + 195, 4*q - 2*r - 164 = 0. What is the remainder when q is divided by 29?
14
Let a = -83 + 103. Suppose 3*k + 11 = -22. Let c = 19 + k. Calculate the remainder when a is divided by c.
4
Let n(h) = h**3 - h**2 + h + 198. What is the remainder when n(0) is divided by (-625)/20*(-28)/35?
23
Let j(f) = 327*f**3 + 2*f**2 - 15*f + 12. Let a be j(1). Suppose 5*z + 3*o = 1643, -17*z = -18*z + 2*o + a. Calculate the remainder when z is divided by 37.
32
Suppose 237 - 1117 = -44*o. What is the remainder when 14499 is divided by o?
19
Let t(w) = w**2 + 14*w + 8. Let g be t(-8). Let b = g - -35. Let u = 10 + b. Calculate the remainder when 37 is divided by u.
2
Suppose 424 - 21308 = -92*s. Calculate the remainder when 13162 is divided by s.
223
Let b(f) = 58*f**2 + 114*f + 16. Calculate the remainder when b(22) is divided by 72.
68
Let w(v) = 14 - 5 - 75*v**3 - 11 + v - 2*v. Let u(m) = -m + 3. Let q be u(4). Calculate the remainder when w(q) is divided by 38.
36
Let x(d) = d**2 - 5. Let k = -120547 + 120565. Calculate the remainder when k is divided by x(4).
7
Let o = 10910 + -10803. What is the remainder when 574 is divided by o?
39
Let q be 6 - (-2 + (0 - -2)). Let l(z) = 1 - 2 - 4 + 2 - q*z. What is the remainder when l(-3) is divided by 8?
7
Let c = -179 - -182. Calculate the remainder when (170/50)/(c/30) is divided by 10.
4
Let f = 19554 + -19069. What is the remainder when 510 is divided by f?
25
Let h(v) = -137*v + 9035. What is the remainder when 12608 is divided by h(65)?
128
Let h(d) be the second